 19 and 31?
1
What is the greatest common divisor of 453 and 1057?
151
What is the highest common factor of 78 and 1066?
26
What is the highest common factor of 51 and 1139?
17
What is the greatest common divisor of 68 and 16?
4
What is the greatest common divisor of 99 and 9?
9
Calculate the highest common divisor of 12474 and 270.
54
What is the greatest common factor of 55 and 5?
5
Calculate the greatest common divisor of 2346 and 414.
138
Calculate the highest common factor of 110 and 18854.
22
What is the highest common divisor of 195 and 2093?
13
Calculate the highest common factor of 1178 and 152.
38
Calculate the greatest common divisor of 78 and 858.
78
Calculate the highest common divisor of 715 and 275.
55
Calculate the highest common factor of 125 and 5.
5
What is the greatest common factor of 25 and 35?
5
What is the highest common divisor of 682 and 62?
62
What is the greatest common factor of 1 and 13?
1
What is the greatest common factor of 4216 and 558?
62
What is the highest common factor of 2759 and 267?
89
Calculate the highest common factor of 549 and 3477.
183
Calculate the highest common divisor of 324 and 828.
36
What is the highest common divisor of 45 and 111?
3
Calculate the highest common factor of 224 and 14.
14
Calculate the highest common divisor of 68 and 2176.
68
Calculate the highest common divisor of 325 and 260.
65
What is the greatest common factor of 4 and 228?
4
What is the highest common divisor of 140 and 180?
20
What is the highest common factor of 291 and 1067?
97
What is the highest common divisor of 3213 and 119?
119
Calculate the highest common divisor of 34 and 186.
2
What is the greatest common divisor of 40 and 6520?
40
Calculate the highest common factor of 60 and 1470.
30
Calculate the greatest common factor of 120 and 30.
30
Calculate the greatest common divisor of 498 and 6.
6
What is the greatest common divisor of 36176 and 544?
272
What is the highest common divisor of 22 and 1287?
11
Calculate the highest common factor of 294 and 784.
98
Calculate the highest common divisor of 14 and 490.
14
Calculate the greatest common divisor of 70 and 2030.
70
Calculate the greatest common factor of 45 and 43830.
45
What is the highest common factor of 5 and 125?
5
What is the greatest common divisor of 1130 and 10?
10
Calculate the greatest common factor of 216 and 3384.
72
Calculate the greatest common divisor of 23 and 23.
23
Calculate the highest common factor of 54 and 474.
6
Calculate the highest common factor of 12 and 348.
12
What is the highest common divisor of 9018 and 252?
18
Calculate the highest common divisor of 88 and 2.
2
Calculate the highest common divisor of 1649 and 17.
17
Calculate the highest common factor of 10004 and 492.
164
What is the highest common divisor of 5018 and 104?
26
What is the greatest common factor of 16 and 96?
16
What is the greatest common factor of 28 and 266?
14
Calculate the greatest common factor of 27 and 17037.
27
Calculate the greatest common divisor of 493 and 464.
29
Calculate the highest common divisor of 72 and 585.
9
What is the greatest common divisor of 60 and 2820?
60
What is the highest common divisor of 756 and 84?
84
What is the highest common divisor of 144 and 9?
9
What is the greatest common divisor of 24 and 282?
6
Calculate the greatest common divisor of 350 and 950.
50
What is the greatest common factor of 472 and 1062?
118
Calculate the highest common factor of 208 and 80.
16
Calculate the highest common factor of 33 and 24607.
11
What is the greatest common divisor of 730 and 40?
10
What is the greatest common factor of 418 and 88?
22
What is the greatest common divisor of 299 and 391?
23
Calculate the greatest common factor of 14941 and 892.
223
What is the highest common divisor of 7 and 4529?
7
What is the greatest common divisor of 2176 and 102?
34
Calculate the greatest common divisor of 984 and 24.
24
What is the greatest common factor of 330 and 13890?
30
What is the highest common factor of 325 and 50?
25
Calculate the greatest common factor of 3 and 933.
3
What is the highest common factor of 2598 and 24?
6
What is the greatest common factor of 3900 and 5100?
300
What is the highest common factor of 5708 and 4?
4
What is the highest common factor of 2468 and 28?
4
Calculate the greatest common factor of 8 and 4.
4
What is the highest common factor of 76 and 1558?
38
Calculate the highest common divisor of 177 and 295.
59
What is the greatest common divisor of 496 and 64?
16
What is the highest common factor of 42 and 182?
14
Calculate the highest common divisor of 21476 and 1092.
364
What is the greatest common factor of 114 and 798?
114
What is the greatest common factor of 168 and 7266?
42
What is the highest common divisor of 20 and 410?
10
Calculate the highest common factor of 1445 and 10.
5
Calculate the highest common divisor of 853 and 1.
1
What is the highest common divisor of 29 and 116?
29
Calculate the greatest common factor of 45 and 325.
5
What is the highest common factor of 9 and 687?
3
What is the highest common factor of 62 and 26?
2
Calculate the highest common divisor of 3 and 17.
1
Calculate the greatest common factor of 372 and 651.
93
Calculate the highest common divisor of 9 and 3.
3
Calculate the greatest common factor of 17 and 163523.
17
What is the greatest common divisor of 7931 and 77?
77
Calculate the greatest common divisor of 3 and 39.
3
What is the greatest common divisor of 10 and 13730?
10
Calculate the highest common factor of 232 and 4.
4
What is the greatest common divisor of 104 and 152?
8
What is the greatest common factor of 25 and 5975?
25
What is the greatest common divisor of 550 and 26?
2
Calculate the highest common divisor of 45 and 3105.
45
Calculate the greatest common divisor of 4544 and 128.
64
What is the highest common divisor of 28750 and 10?
10
What is the highest common factor of 36 and 12?
12
What is the highest common divisor of 27 and 207?
9
Calculate the highest common divisor of 45604 and 52.
52
What is the greatest common factor of 280 and 364?
28
What is the greatest common divisor of 171 and 4959?
171
Calculate the highest common factor of 20175 and 30.
15
Calculate the greatest common factor of 11 and 187.
11
What is the greatest common factor of 79805 and 11?
11
Calculate the highest common divisor of 7 and 427.
7
Calculate the greatest common divisor of 22 and 1397.
11
What is the highest common divisor of 300 and 84?
12
Calculate the greatest common divisor of 55 and 2981.
11
What is the greatest common factor of 342 and 855?
171
Calculate the highest common factor of 20 and 400.
20
What is the highest common factor of 39 and 104?
13
Calculate the greatest common divisor of 950 and 50.
50
What is the greatest common divisor of 93 and 744?
93
What is the greatest common factor of 132 and 22836?
132
Calculate the greatest common divisor of 1195 and 10.
5
What is the greatest common divisor of 9016 and 294?
98
What is the highest common divisor of 38 and 418?
38
Calculate the greatest common divisor of 384 and 300.
12
What is the highest common divisor of 65 and 507?
13
What is the greatest common factor of 22 and 19932?
22
What is the greatest common factor of 6354 and 36?
18
What is the highest common divisor of 1781 and 117?
13
What is the greatest common factor of 441 and 1575?
63
What is the greatest common divisor of 5429 and 3026?
89
What is the highest common divisor of 470 and 170?
10
What is the highest common divisor of 41 and 4469?
41
What is the greatest common divisor of 105 and 11130?
105
What is the greatest common factor of 2827 and 11?
11
What is the highest common divisor of 9 and 102?
3
What is the highest common divisor of 48 and 216?
24
Calculate the highest common factor of 266 and 56.
14
Calculate the highest common factor of 34 and 442.
34
What is the greatest common divisor of 1 and 711?
1
What is the greatest common factor of 426 and 12922?
142
Calculate the highest common factor of 62 and 496.
62
Calculate the highest common divisor of 2652 and 468.
156
Calculate the greatest common factor of 8 and 248.
8
Calculate the highest common factor of 234 and 1026.
18
What is the greatest common divisor of 126 and 504?
126
What is the